nds digit of 1174?
1
What is the units digit of 1174?
4
What is the tens digit of 4486?
8
What is the hundreds digit of 47776?
7
What is the hundreds digit of 15940?
9
What is the ten thousands digit of 18947?
1
What is the hundreds digit of 77732?
7
What is the thousands digit of 5854?
5
What is the units digit of 1998?
8
What is the hundreds digit of 267?
2
What is the hundreds digit of 327?
3
What is the hundreds digit of 697?
6
What is the tens digit of 3127?
2
What is the ten thousands digit of 84880?
8
What is the thousands digit of 21356?
1
What is the ten thousands digit of 67978?
6
What is the tens digit of 2842?
4
What is the tens digit of 4323?
2
What is the tens digit of 1056?
5
What is the tens digit of 8261?
6
What is the tens digit of 1572?
7
What is the thousands digit of 10888?
0
What is the tens digit of 109692?
9
What is the ten thousands digit of 18606?
1
What is the units digit of 878?
8
What is the units digit of 8376?
6
What is the units digit of 11855?
5
What is the units digit of 151575?
5
What is the thousands digit of 22989?
2
What is the thousands digit of 39923?
9
What is the tens digit of 1880?
8
What is the units digit of 6228?
8
What is the hundreds digit of 8891?
8
What is the tens digit of 16981?
8
What is the tens digit of 5041?
4
What is the ten thousands digit of 100476?
0
What is the tens digit of 644?
4
What is the units digit of 8432?
2
What is the thousands digit of 8238?
8
What is the thousands digit of 16336?
6
What is the units digit of 1100?
0
What is the ten thousands digit of 70416?
7
What is the hundreds digit of 1353?
3
What is the hundreds digit of 695?
6
What is the hundred thousands digit of 124521?
1
What is the tens digit of 458?
5
What is the units digit of 40482?
2
What is the tens digit of 19?
1
What is the units digit of 678?
8
What is the thousands digit of 39756?
9
What is the units digit of 22145?
5
What is the hundreds digit of 188?
1
What is the tens digit of 583?
8
What is the tens digit of 6559?
5
What is the tens digit of 5207?
0
What is the units digit of 44179?
9
What is the units digit of 13140?
0
What is the tens digit of 39386?
8
What is the tens digit of 39817?
1
What is the thousands digit of 6941?
6
What is the tens digit of 659?
5
What is the units digit of 11424?
4
What is the thousands digit of 3238?
3
What is the tens digit of 3154?
5
What is the hundreds digit of 8766?
7
What is the thousands digit of 4047?
4
What is the hundreds digit of 1088?
0
What is the units digit of 8055?
5
What is the ten thousands digit of 98385?
9
What is the tens digit of 9313?
1
What is the thousands digit of 2193?
2
What is the thousands digit of 20313?
0
What is the thousands digit of 65013?
5
What is the hundreds digit of 258?
2
What is the units digit of 142?
2
What is the tens digit of 14188?
8
What is the tens digit of 24041?
4
What is the ten thousands digit of 57227?
5
What is the units digit of 75177?
7
What is the units digit of 3053?
3
What is the units digit of 73423?
3
What is the tens digit of 9159?
5
What is the hundreds digit of 1353?
3
What is the thousands digit of 7674?
7
What is the hundreds digit of 9228?
2
What is the hundreds digit of 80463?
4
What is the ten thousands digit of 58717?
5
What is the thousands digit of 22427?
2
What is the thousands digit of 3233?
3
What is the units digit of 659?
9
What is the units digit of 3?
3
What is the thousands digit of 4319?
4
What is the hundreds digit of 15715?
7
What is the hundreds digit of 18100?
1
What is the units digit of 1503?
3
What is the hundreds digit of 2604?
6
What is the hundreds digit of 945?
9
What is the tens digit of 6540?
4
What is the tens digit of 19277?
7
What is the tens digit of 955?
5
What is the tens digit of 9792?
9
What is the tens digit of 2965?
6
What is the hundred thousands digit of 113068?
1
What is the hundreds digit of 30615?
6
What is the tens digit of 1712?
1
What is the thousands digit of 2882?
2
What is the tens digit of 701?
0
What is the hundreds digit of 469?
4
What is the units digit of 80113?
3
What is the thousands digit of 14959?
4
What is the tens digit of 63317?
1
What is the hundreds digit of 222?
2
What is the units digit of 10793?
3
What is the hundreds digit of 1229?
2
What is the hundreds digit of 19941?
9
What is the hundreds digit of 32713?
7
What is the units digit of 3?
3
What is the units digit of 42931?
1
What is the hundreds digit of 1056?
0
What is the units digit of 3409?
9
What is the thousands digit of 5557?
5
What is the hundreds digit of 1490?
4
What is the hundreds digit of 141?
1
What is the units digit of 9?
9
What is the thousands digit of 5674?
5
What is the units digit of 1065?
5
What is the tens digit of 32195?
9
What is the ten thousands digit of 18586?
1
What is the tens digit of 4543?
4
What is the thousands digit of 6482?
6
What is the hundreds digit of 9926?
9
What is the tens digit of 27036?
3
What is the thousands digit of 16683?
6
What is the tens digit of 3521?
2
What is the tens digit of 108871?
7
What is the hundreds digit of 10328?
3
What is the tens digit of 6369?
6
What is the thousands digit of 9706?
9
What is the units digit of 985?
5
What is the units digit of 309?
9
What is the hundreds digit of 5531?
5
What is the hundreds digit of 20331?
3
What is the tens digit of 34678?
7
What is the hundreds digit of 5065?
0
What is the units digit of 22248?
8
What is the hundreds digit of 545?
5
What is the ten thousands digit of 35435?
3
What is the hundreds digit of 109914?
9
What is the units digit of 14681?
1
What is the tens digit of 25538?
3
What is the hundreds digit of 951?
9
What is the thousands digit of 25101?
5
What is the tens digit of 41877?
7
What is the thousands digit of 3424?
3
What is the thousands digit of 5126?
5
What is the tens digit of 23546?
4
What is the units digit of 11517?
7
What is the hundreds digit of 2392?
3
What is the units digit of 904?
4
What is the thousands digit of 2001?
2
What is the thousands digit of 43714?
3
What is the tens digit of 248?
4
What is the tens digit of 754?
5
What is the thousands digit of 60750?
0
What is the units digit of 12127?
7
What is the hundreds digit of 30390?
3
What is the thousands digit of 2636?
2
What is the tens digit of 36763?
6
What is the hundreds digit of 240?
2
What is the tens digit of 152814?
1
What is the units digit of 2060?
0
What is the units digit of 2057?
7
What is the thousands digit of 3529?
3
What is the tens digit of 2896?
9
What is the tens digit of 145055?
5
What is the hundreds digit of 2113?
1
What is the hundreds digit of 7897?
8
What is the units digit of 512?
2
What is the units digit of 3182?
2
What is the hundreds digit of 3169?
1
What is the tens digit of 44396?
9
What is the ten thousands digit of 11794?
1
What is the units digit of 2308?
8
What is the hundreds digit of 332?
3
What is the tens digit of 15269?
6
What is the tens digit of 12292?
9
What is the hundreds digit of 373?
3
What is the units digit of 3714?
4
What is the tens digit of 1611?
1
What is the tens digit of 45812?
1
What is the hundreds digit of 45280?
2
What is the ten thousands digit of 15848?
1
What is the units digit of 1525?
5
What is the hundreds digit of 9578?
5
What is the tens digit of 244?
4
What is the tens digit of 36521?
2
What is the hundreds digit of 565?
5
What is the hundreds digit of 961?
9
What is the hundreds digit of 366?
3
What is the thousands digit of 1411?
1
What is the hundreds digit of 355?
3
What is the tens digit of 2163?
6
What is the tens digit of 6453?
5
What is the thousands digit of 5882?
5
What is the thousands digit of 68227?
8
What is the ten thousands digit of 44585?
4
What is the hundreds digit of 33419?
4
What is the units digit of 4107?
7
What is the units digit of 10892?
2
What is the ten thousands digit of 67388?
6
What is the hundreds digit of 94594?
5
What is the hundreds digit of 28125?
1
What is the ten thousands digit of 16358?
1
What is the units digit of 38795?
5
What is the hundreds digit of 993?
9
What is the units digit of 94?
4
What is the tens digit of 1957?
5
What is the hundreds digit of 14477?
4
What is the thousands digit of 83524?
3
What is the tens digit of 30192?
9
What is the units digit of 28619?
9
What is the